{"id":89,"date":"2025-12-16T06:20:21","date_gmt":"2025-12-16T06:20:21","guid":{"rendered":"https:\/\/krakowskaelektrokardiologia.pl\/?page_id=89"},"modified":"2026-02-13T14:06:21","modified_gmt":"2026-02-13T14:06:21","slug":"o-konferencji","status":"publish","type":"page","link":"https:\/\/krakowskaelektrokardiologia.pl\/index.php\/o-konferencji\/","title":{"rendered":"O Konferencji"},"content":{"rendered":"\t\t<div data-elementor-type=\"wp-page\" data-elementor-id=\"89\" class=\"elementor elementor-89\">\n\t\t\t\t<div class=\"elementor-element elementor-element-8458f07 e-con-full e-flex e-con e-parent\" data-id=\"8458f07\" data-element_type=\"container\" data-e-type=\"container\" data-settings=\"{&quot;background_background&quot;:&quot;classic&quot;}\">\n\t\t\t\t<div class=\"elementor-element elementor-element-62ef005 elementor-widget__width-initial e-transform elementor-invisible elementor-widget elementor-widget-text-editor\" data-id=\"62ef005\" data-element_type=\"widget\" data-e-type=\"widget\" data-settings=\"{&quot;_animation&quot;:&quot;fadeIn&quot;,&quot;_transform_scale_effect_hover&quot;:{&quot;unit&quot;:&quot;px&quot;,&quot;size&quot;:1.1,&quot;sizes&quot;:[]},&quot;_transform_scale_effect_hover_tablet&quot;:{&quot;unit&quot;:&quot;px&quot;,&quot;size&quot;:&quot;&quot;,&quot;sizes&quot;:[]},&quot;_transform_scale_effect_hover_mobile&quot;:{&quot;unit&quot;:&quot;px&quot;,&quot;size&quot;:&quot;&quot;,&quot;sizes&quot;:[]}}\" data-widget_type=\"text-editor.default\">\n\t\t\t\t\t\t\t\t\t<p style=\"text-align: center;\"><a href=\"https:\/\/krakowskaelektrokardiologia.pl\/index.php\/kontakt\/\"><span style=\"color: #ffffff;\">Kontakt<\/span><\/a><\/p>\t\t\t\t\t\t\t\t<\/div>\n\t\t\t\t<div class=\"elementor-element elementor-element-b8ac94b elementor-widget__width-initial e-transform elementor-invisible elementor-widget elementor-widget-text-editor\" data-id=\"b8ac94b\" data-element_type=\"widget\" data-e-type=\"widget\" data-settings=\"{&quot;_animation&quot;:&quot;fadeIn&quot;,&quot;_transform_scale_effect_hover&quot;:{&quot;unit&quot;:&quot;px&quot;,&quot;size&quot;:1.1,&quot;sizes&quot;:[]},&quot;_transform_scale_effect_hover_tablet&quot;:{&quot;unit&quot;:&quot;px&quot;,&quot;size&quot;:&quot;&quot;,&quot;sizes&quot;:[]},&quot;_transform_scale_effect_hover_mobile&quot;:{&quot;unit&quot;:&quot;px&quot;,&quot;size&quot;:&quot;&quot;,&quot;sizes&quot;:[]}}\" data-widget_type=\"text-editor.default\">\n\t\t\t\t\t\t\t\t\t<p style=\"text-align: center;\"><a href=\"https:\/\/krakowskaelektrokardiologia.pl\/index.php\/platforma_edukacyjna\"><span style=\"color: #ffffff;\">Platforma Edukacyjna<\/span><\/a><\/p>\t\t\t\t\t\t\t\t<\/div>\n\t\t\t\t<div class=\"elementor-element elementor-element-05530db elementor-widget__width-initial e-transform elementor-invisible elementor-widget elementor-widget-text-editor\" data-id=\"05530db\" data-element_type=\"widget\" data-e-type=\"widget\" data-settings=\"{&quot;_animation&quot;:&quot;fadeIn&quot;,&quot;_transform_scale_effect_hover&quot;:{&quot;unit&quot;:&quot;px&quot;,&quot;size&quot;:1.1,&quot;sizes&quot;:[]},&quot;_transform_scale_effect_hover_tablet&quot;:{&quot;unit&quot;:&quot;px&quot;,&quot;size&quot;:&quot;&quot;,&quot;sizes&quot;:[]},&quot;_transform_scale_effect_hover_mobile&quot;:{&quot;unit&quot;:&quot;px&quot;,&quot;size&quot;:&quot;&quot;,&quot;sizes&quot;:[]}}\" data-widget_type=\"text-editor.default\">\n\t\t\t\t\t\t\t\t\t<p style=\"text-align: center;\"><a href=\"https:\/\/krakowskaelektrokardiologia.pl\/index.php\/patroni\/\"><span style=\"color: #ffffff;\">Patroni<\/span><\/a><\/p>\t\t\t\t\t\t\t\t<\/div>\n\t\t\t\t<div class=\"elementor-element elementor-element-cd3a7ae elementor-widget__width-initial e-transform elementor-invisible elementor-widget elementor-widget-text-editor\" data-id=\"cd3a7ae\" data-element_type=\"widget\" data-e-type=\"widget\" data-settings=\"{&quot;_animation&quot;:&quot;fadeIn&quot;,&quot;_transform_scale_effect_hover&quot;:{&quot;unit&quot;:&quot;px&quot;,&quot;size&quot;:1.1,&quot;sizes&quot;:[]},&quot;_transform_scale_effect_hover_tablet&quot;:{&quot;unit&quot;:&quot;px&quot;,&quot;size&quot;:&quot;&quot;,&quot;sizes&quot;:[]},&quot;_transform_scale_effect_hover_mobile&quot;:{&quot;unit&quot;:&quot;px&quot;,&quot;size&quot;:&quot;&quot;,&quot;sizes&quot;:[]}}\" data-widget_type=\"text-editor.default\">\n\t\t\t\t\t\t\t\t\t<p style=\"text-align: center;\"><a href=\"https:\/\/krakowskaelektrokardiologia.pl\/index.php\/sponsorzy\/\"><span style=\"color: #ffffff;\">Sponsorzy<\/span><\/a><\/p>\t\t\t\t\t\t\t\t<\/div>\n\t\t\t\t<div class=\"elementor-element elementor-element-6206c35 elementor-widget__width-initial e-transform elementor-invisible elementor-widget elementor-widget-text-editor\" data-id=\"6206c35\" data-element_type=\"widget\" data-e-type=\"widget\" data-settings=\"{&quot;_animation&quot;:&quot;fadeIn&quot;,&quot;_transform_scale_effect_hover&quot;:{&quot;unit&quot;:&quot;px&quot;,&quot;size&quot;:1.1,&quot;sizes&quot;:[]},&quot;_transform_scale_effect_hover_tablet&quot;:{&quot;unit&quot;:&quot;px&quot;,&quot;size&quot;:&quot;&quot;,&quot;sizes&quot;:[]},&quot;_transform_scale_effect_hover_mobile&quot;:{&quot;unit&quot;:&quot;px&quot;,&quot;size&quot;:&quot;&quot;,&quot;sizes&quot;:[]}}\" data-widget_type=\"text-editor.default\">\n\t\t\t\t\t\t\t\t\t<p style=\"text-align: center;\"><a href=\"https:\/\/krakowskaelektrokardiologia.pl\/index.php\/galeria-2\"><span style=\"color: #ffffff;\">Galeria<\/span><\/a><\/p>\t\t\t\t\t\t\t\t<\/div>\n\t\t\t\t<div class=\"elementor-element elementor-element-7f2297a elementor-widget__width-initial e-transform elementor-invisible elementor-widget elementor-widget-text-editor\" data-id=\"7f2297a\" data-element_type=\"widget\" data-e-type=\"widget\" data-settings=\"{&quot;_animation&quot;:&quot;fadeIn&quot;,&quot;_transform_scale_effect_hover&quot;:{&quot;unit&quot;:&quot;px&quot;,&quot;size&quot;:1.1,&quot;sizes&quot;:[]},&quot;_transform_scale_effect_hover_tablet&quot;:{&quot;unit&quot;:&quot;px&quot;,&quot;size&quot;:&quot;&quot;,&quot;sizes&quot;:[]},&quot;_transform_scale_effect_hover_mobile&quot;:{&quot;unit&quot;:&quot;px&quot;,&quot;size&quot;:&quot;&quot;,&quot;sizes&quot;:[]}}\" data-widget_type=\"text-editor.default\">\n\t\t\t\t\t\t\t\t\t<p style=\"text-align: center;\"><a href=\"https:\/\/krakowskaelektrokardiologia.pl\/index.php\/o-konferencji\/\"><span style=\"color: #ffffff;\">O Konferencji<\/span><\/a><\/p>\t\t\t\t\t\t\t\t<\/div>\n\t\t\t\t<div class=\"elementor-element elementor-element-b4ebff5 elementor-widget__width-initial e-transform elementor-invisible elementor-widget elementor-widget-text-editor\" data-id=\"b4ebff5\" data-element_type=\"widget\" data-e-type=\"widget\" data-settings=\"{&quot;_animation&quot;:&quot;fadeIn&quot;,&quot;_transform_scale_effect_hover&quot;:{&quot;unit&quot;:&quot;px&quot;,&quot;size&quot;:1.1,&quot;sizes&quot;:[]},&quot;_transform_scale_effect_hover_tablet&quot;:{&quot;unit&quot;:&quot;px&quot;,&quot;size&quot;:&quot;&quot;,&quot;sizes&quot;:[]},&quot;_transform_scale_effect_hover_mobile&quot;:{&quot;unit&quot;:&quot;px&quot;,&quot;size&quot;:&quot;&quot;,&quot;sizes&quot;:[]}}\" data-widget_type=\"text-editor.default\">\n\t\t\t\t\t\t\t\t\t<p style=\"text-align: center;\"><a href=\"https:\/\/krakowskaelektrokardiologia.pl\/index.php\/rada-naukowa\/\"><span style=\"color: #ffffff;\">Rada Naukowa<\/span><\/a><\/p>\t\t\t\t\t\t\t\t<\/div>\n\t\t\t\t<div class=\"elementor-element elementor-element-bc87e0e elementor-widget__width-initial e-transform elementor-invisible elementor-widget elementor-widget-text-editor\" data-id=\"bc87e0e\" data-element_type=\"widget\" data-e-type=\"widget\" data-settings=\"{&quot;_animation&quot;:&quot;fadeIn&quot;,&quot;_transform_scale_effect_hover&quot;:{&quot;unit&quot;:&quot;px&quot;,&quot;size&quot;:1.1,&quot;sizes&quot;:[]},&quot;_transform_scale_effect_hover_tablet&quot;:{&quot;unit&quot;:&quot;px&quot;,&quot;size&quot;:&quot;&quot;,&quot;sizes&quot;:[]},&quot;_transform_scale_effect_hover_mobile&quot;:{&quot;unit&quot;:&quot;px&quot;,&quot;size&quot;:&quot;&quot;,&quot;sizes&quot;:[]}}\" data-widget_type=\"text-editor.default\">\n\t\t\t\t\t\t\t\t\t<p style=\"text-align: center;\"><a href=\"https:\/\/krakowskaelektrokardiologia.pl\/index.php\/program\/\"><span style=\"color: #ffffff;\">Program Konferencji<\/span><\/a><\/p>\t\t\t\t\t\t\t\t<\/div>\n\t\t\t\t<div class=\"elementor-element elementor-element-2e48064 elementor-widget__width-initial e-transform elementor-invisible elementor-widget elementor-widget-text-editor\" data-id=\"2e48064\" data-element_type=\"widget\" data-e-type=\"widget\" data-settings=\"{&quot;_animation&quot;:&quot;fadeIn&quot;,&quot;_transform_scale_effect_hover&quot;:{&quot;unit&quot;:&quot;px&quot;,&quot;size&quot;:1.1,&quot;sizes&quot;:[]},&quot;_transform_scale_effect_hover_tablet&quot;:{&quot;unit&quot;:&quot;px&quot;,&quot;size&quot;:&quot;&quot;,&quot;sizes&quot;:[]},&quot;_transform_scale_effect_hover_mobile&quot;:{&quot;unit&quot;:&quot;px&quot;,&quot;size&quot;:&quot;&quot;,&quot;sizes&quot;:[]}}\" data-widget_type=\"text-editor.default\">\n\t\t\t\t\t\t\t\t\t<p style=\"text-align: center;\"><a href=\"https:\/\/krakowskaelektrokardiologia.pl\/\"><span style=\"color: #ffffff;\">Strona G\u0142\u00f3wna<\/span><\/a><\/p>\t\t\t\t\t\t\t\t<\/div>\n\t\t\t\t<\/div>\n\t\t<div class=\"elementor-element elementor-element-ad125f6 e-con-full e-flex e-con e-parent\" data-id=\"ad125f6\" data-element_type=\"container\" data-e-type=\"container\">\n\t\t\t\t<div class=\"elementor-element elementor-element-635d2e5 elementor-widget elementor-widget-image\" data-id=\"635d2e5\" data-element_type=\"widget\" data-e-type=\"widget\" data-widget_type=\"image.default\">\n\t\t\t\t\t\t\t\t\t\t\t\t\t\t\t<img fetchpriority=\"high\" decoding=\"async\" width=\"800\" height=\"320\" src=\"https:\/\/krakowskaelektrokardiologia.pl\/wp-content\/uploads\/2026\/01\/banner_KDE-1024x410.jpg\" class=\"attachment-large size-large wp-image-859\" alt=\"\" srcset=\"https:\/\/krakowskaelektrokardiologia.pl\/wp-content\/uploads\/2026\/01\/banner_KDE-1024x410.jpg 1024w, https:\/\/krakowskaelektrokardiologia.pl\/wp-content\/uploads\/2026\/01\/banner_KDE-300x120.jpg 300w, https:\/\/krakowskaelektrokardiologia.pl\/wp-content\/uploads\/2026\/01\/banner_KDE-768x308.jpg 768w, https:\/\/krakowskaelektrokardiologia.pl\/wp-content\/uploads\/2026\/01\/banner_KDE-1536x616.jpg 1536w, https:\/\/krakowskaelektrokardiologia.pl\/wp-content\/uploads\/2026\/01\/banner_KDE-2048x821.jpg 2048w\" sizes=\"(max-width: 800px) 100vw, 800px\" \/>\t\t\t\t\t\t\t\t\t\t\t\t\t\t\t<\/div>\n\t\t\t\t<\/div>\n\t\t<div class=\"elementor-element elementor-element-567d529 e-flex e-con-boxed e-con e-parent\" data-id=\"567d529\" data-element_type=\"container\" data-e-type=\"container\">\n\t\t\t\t\t<div class=\"e-con-inner\">\n\t\t\t\t<div class=\"elementor-element elementor-element-9989bbd elementor-widget elementor-widget-text-editor\" data-id=\"9989bbd\" data-element_type=\"widget\" data-e-type=\"widget\" data-widget_type=\"text-editor.default\">\n\t\t\t\t\t\t\t\t\t<h5><strong><span style=\"color: #000000;\">O KONFERENCJI<\/span><\/strong><\/h5>\t\t\t\t\t\t\t\t<\/div>\n\t\t\t\t\t<\/div>\n\t\t\t\t<\/div>\n\t\t<div class=\"elementor-element elementor-element-c9cb73e e-grid e-con-boxed e-con e-parent\" data-id=\"c9cb73e\" data-element_type=\"container\" data-e-type=\"container\">\n\t\t\t\t\t<div class=\"e-con-inner\">\n\t\t\t\t<div class=\"elementor-element elementor-element-11f9dc5 elementor-widget elementor-widget-text-editor\" data-id=\"11f9dc5\" data-element_type=\"widget\" data-e-type=\"widget\" data-widget_type=\"text-editor.default\">\n\t\t\t\t\t\t\t\t\t<p><span style=\"color: #000000;\"><strong>TERMIN KONFERENCJI:<\/strong><\/span><br \/><span style=\"color: #000000;\">30-31 stycznia 2026 r.<\/span><\/p><p><span style=\"color: #000000;\"><strong><br \/>MIEJSCE KONFERENCJI:<br \/><\/strong>Krakowski Szpital Specjalistyczny im. \u015bw. Jana Paw\u0142a II<\/span><br \/><span style=\"color: #000000;\">Centrum Konferencyjno-Szkoleniowe, Pawilon A5 (parter)<\/span><br \/><span style=\"color: #000000;\">ul. Pr\u0105dnicka 80, <\/span><span style=\"color: #000000;\">31-202 Krak\u00f3w<\/span><strong><br \/><\/strong><\/p>\t\t\t\t\t\t\t\t<\/div>\n\t\t\t\t<div class=\"elementor-element elementor-element-d99f2c5 elementor-widget elementor-widget-text-editor\" data-id=\"d99f2c5\" data-element_type=\"widget\" data-e-type=\"widget\" data-widget_type=\"text-editor.default\">\n\t\t\t\t\t\t\t\t\t<iframe src=\"https:\/\/www.google.com\/maps\/embed?pb=!1m18!1m12!1m3!1d2561.7091440805048!2d19.934325776339517!3d50.08969091327393!2m3!1f0!2f0!3f0!3m2!1i1024!2i768!4f13.1!3m3!1m2!1s0x47165a59a64530c1%3A0xdb4cac0a758509cd!2sKrakowski%20Szpital%20Specjalistyczny%20im.%20%C5%9Bw.%20Jana%20Paw%C5%82a%20II!5e0!3m2!1spl!2spl!4v1766013257567!5m2!1spl!2spl\" width=\"1140\" height=\"300\" style=\"border:0;\" allowfullscreen=\"\" loading=\"lazy\" referrerpolicy=\"no-referrer-when-downgrade\"><\/iframe>\t\t\t\t\t\t\t\t<\/div>\n\t\t\t\t\t<\/div>\n\t\t\t\t<\/div>\n\t\t<div class=\"elementor-element elementor-element-b1f6779 e-flex e-con-boxed e-con e-parent\" data-id=\"b1f6779\" data-element_type=\"container\" data-e-type=\"container\">\n\t\t\t\t\t<div class=\"e-con-inner\">\n\t\t\t\t<div class=\"elementor-element elementor-element-e4256b7 elementor-widget-divider--view-line elementor-widget elementor-widget-divider\" data-id=\"e4256b7\" data-element_type=\"widget\" data-e-type=\"widget\" data-widget_type=\"divider.default\">\n\t\t\t\t\t\t\t<div class=\"elementor-divider\">\n\t\t\t<span class=\"elementor-divider-separator\">\n\t\t\t\t\t\t<\/span>\n\t\t<\/div>\n\t\t\t\t\t\t<\/div>\n\t\t\t\t<div class=\"elementor-element elementor-element-c09e4d2 elementor-widget elementor-widget-text-editor\" data-id=\"c09e4d2\" data-element_type=\"widget\" data-e-type=\"widget\" data-widget_type=\"text-editor.default\">\n\t\t\t\t\t\t\t\t\t<p><span style=\"color: #000000;\"><strong>KONTAKT:<br \/><\/strong><\/span><span style=\"color: #000000;\">e-mail: biuro@krakowskaelektrokardiologia.pl<\/span><\/p><p><span style=\"color: #000000;\">Joanna Iwaniec<\/span><br \/><span style=\"color: #000000;\">tel: +48 883 569 500<\/span><\/p><p><span style=\"color: #000000;\">Ma\u0142gorzata Feliksiak-Nowak<\/span><br \/><span style=\"color: #000000;\">tel: +48 668 446 685<br \/><br \/><strong>PUNKTY EDUKACYJNE<\/strong><\/span><\/p><p><span style=\"color: #000000;\">Za uczestnictwo w Konferencji przys\u0142uguje <strong>16 punkt\u00f3w edukacyjnych<\/strong>, na podstawie Rozporz\u0105dzenia Ministra Zdrowia z dnia 21 lutego 2022 r. w sprawie sposobu dope\u0142nienia obowi\u0105zku doskonalenia zawodowego lekarzy i lekarzy dentyst\u00f3w.<\/span><\/p><p><span style=\"color: #000000;\">Zgodnie z Uchwa\u0142\u0105 Naczelnej Rady Piel\u0119gniarek i Po\u0142o\u017cnych Nr 166\/VIII\/2025 z dnia 3 grudnia 2025 r. w sprawie okre\u015blenia zasad wykonywania obowi\u0105zku dotycz\u0105cego aktualizowania wiedzy i umiej\u0119tno\u015bci zawodowych przez piel\u0119gniarki i po\u0142o\u017cne za udzia\u0142 bierny w konferencji piel\u0119gniarka\/po\u0142o\u017cna otrzymuje<br \/><\/span><strong style=\"color: #000000;\">5 punkt\u00f3w edykacyjnych<\/strong><span style=\"color: #000000;\">, natomiast za udzia\u0142 czynny <strong>10 punkt\u00f3w edukacyjnych<\/strong>.<\/span><\/p><p><span style=\"color: #000000;\">Za uczestnictwo w Konferencji przys\u0142uguje <strong>10 punkt\u00f3w edukacyjnych<\/strong>, na podstawie Rozporz\u0105dzenia Ministra Zdrowia z dnia 19 kwietnia 2024 r. w sprawie ustawicznego rozwoju zawodowego os\u00f3b wykonuj\u0105cych niekt\u00f3re zawody medyczne.<\/span><\/p><p><span style=\"color: #000000;\"><strong>DZI\u0118KUJEMY ZA UDZIA\u0141 W KONFERENCJI!<\/strong><\/span><\/p>\t\t\t\t\t\t\t\t<\/div>\n\t\t\t\t\t<\/div>\n\t\t\t\t<\/div>\n\t\t<div class=\"elementor-element elementor-element-22211fa e-flex e-con-boxed e-con e-parent\" data-id=\"22211fa\" data-element_type=\"container\" data-e-type=\"container\">\n\t\t\t\t\t<div class=\"e-con-inner\">\n\t\t\t\t<div class=\"elementor-element elementor-element-087d5eb elementor-widget-divider--view-line elementor-widget elementor-widget-divider\" data-id=\"087d5eb\" data-element_type=\"widget\" data-e-type=\"widget\" data-widget_type=\"divider.default\">\n\t\t\t\t\t\t\t<div class=\"elementor-divider\">\n\t\t\t<span class=\"elementor-divider-separator\">\n\t\t\t\t\t\t<\/span>\n\t\t<\/div>\n\t\t\t\t\t\t<\/div>\n\t\t\t\t<div class=\"elementor-element elementor-element-61c5fdc elementor-widget elementor-widget-text-editor\" data-id=\"61c5fdc\" data-element_type=\"widget\" data-e-type=\"widget\" data-widget_type=\"text-editor.default\">\n\t\t\t\t\t\t\t\t\t<div dir=\"auto\"><p><span style=\"color: #000000;\"><strong>Organizator logistyczny:<\/strong> Iwentarium Sp. z o.o.<\/span><\/p><\/div><div dir=\"auto\"><p><span style=\"color: #000000;\"><strong>Organizator merytoryczny:<\/strong> Klinika Elektrokardiologii, Instytut Kardiologii, Uniwersytet Jagiello\u0144ski &#8211; Collegium Medicum<\/span><\/p><\/div><div dir=\"auto\"><span style=\"color: #000000;\"><strong>Szczeg\u00f3lny udzia\u0142 w organizacji wydarzenia:<\/strong> pracownicy Oddzia\u0142u Klinicznego Elektrokardiologii i innych jednostek Krakowskiego Szpitala Specjalistycznego <br \/>im. \u015aw. Jana Paw\u0142a II oraz pracownicy Szpitala Uniwersyteckiego w Krakowie.<\/span><\/div><div dir=\"auto\">\u00a0<\/div>\t\t\t\t\t\t\t\t<\/div>\n\t\t\t\t\t<\/div>\n\t\t\t\t<\/div>\n\t\t<div class=\"elementor-element elementor-element-93e54a6 e-flex e-con-boxed e-con e-parent\" data-id=\"93e54a6\" data-element_type=\"container\" data-e-type=\"container\">\n\t\t\t\t\t<div class=\"e-con-inner\">\n\t\t\t\t<div class=\"elementor-element elementor-element-09a418d elementor-widget elementor-widget-spacer\" data-id=\"09a418d\" data-element_type=\"widget\" data-e-type=\"widget\" data-widget_type=\"spacer.default\">\n\t\t\t\t\t\t\t<div class=\"elementor-spacer\">\n\t\t\t<div class=\"elementor-spacer-inner\"><\/div>\n\t\t<\/div>\n\t\t\t\t\t\t<\/div>\n\t\t<div class=\"elementor-element elementor-element-16230b4 e-grid e-con-full e-con e-child\" data-id=\"16230b4\" data-element_type=\"container\" data-e-type=\"container\">\n\t\t\t\t<div class=\"elementor-element elementor-element-a968007 elementor-widget elementor-widget-image\" data-id=\"a968007\" data-element_type=\"widget\" data-e-type=\"widget\" data-widget_type=\"image.default\">\n\t\t\t\t\t\t\t\t\t\t\t\t\t\t\t\t<a href=\"https:\/\/krakowskaelektrokardiologia.pl\/index.php\/program\">\n\t\t\t\t\t\t\t<img decoding=\"async\" width=\"800\" height=\"1000\" src=\"https:\/\/krakowskaelektrokardiologia.pl\/wp-content\/uploads\/2026\/02\/PROGRAM-po-zmianie-819x1024.png\" class=\"elementor-animation-grow attachment-large size-large wp-image-1448\" alt=\"\" srcset=\"https:\/\/krakowskaelektrokardiologia.pl\/wp-content\/uploads\/2026\/02\/PROGRAM-po-zmianie-819x1024.png 819w, https:\/\/krakowskaelektrokardiologia.pl\/wp-content\/uploads\/2026\/02\/PROGRAM-po-zmianie-240x300.png 240w, https:\/\/krakowskaelektrokardiologia.pl\/wp-content\/uploads\/2026\/02\/PROGRAM-po-zmianie-768x960.png 768w, https:\/\/krakowskaelektrokardiologia.pl\/wp-content\/uploads\/2026\/02\/PROGRAM-po-zmianie.png 1080w\" sizes=\"(max-width: 800px) 100vw, 800px\" \/>\t\t\t\t\t\t\t\t<\/a>\n\t\t\t\t\t\t\t\t\t\t\t\t\t\t\t<\/div>\n\t\t\t\t<div class=\"elementor-element elementor-element-05a478e elementor-widget elementor-widget-image\" data-id=\"05a478e\" data-element_type=\"widget\" data-e-type=\"widget\" data-widget_type=\"image.default\">\n\t\t\t\t\t\t\t\t\t\t\t\t\t\t\t\t<a href=\"https:\/\/krakowskaelektrokardiologia.pl\/index.php\/galeria-2\">\n\t\t\t\t\t\t\t<img decoding=\"async\" width=\"800\" height=\"1000\" src=\"https:\/\/krakowskaelektrokardiologia.pl\/wp-content\/uploads\/2026\/02\/GALERIA-819x1024.png\" class=\"elementor-animation-grow attachment-large size-large wp-image-1446\" alt=\"\" srcset=\"https:\/\/krakowskaelektrokardiologia.pl\/wp-content\/uploads\/2026\/02\/GALERIA-819x1024.png 819w, https:\/\/krakowskaelektrokardiologia.pl\/wp-content\/uploads\/2026\/02\/GALERIA-240x300.png 240w, https:\/\/krakowskaelektrokardiologia.pl\/wp-content\/uploads\/2026\/02\/GALERIA-768x960.png 768w, https:\/\/krakowskaelektrokardiologia.pl\/wp-content\/uploads\/2026\/02\/GALERIA.png 1080w\" sizes=\"(max-width: 800px) 100vw, 800px\" \/>\t\t\t\t\t\t\t\t<\/a>\n\t\t\t\t\t\t\t\t\t\t\t\t\t\t\t<\/div>\n\t\t\t\t<div class=\"elementor-element elementor-element-32b5cab elementor-widget elementor-widget-image\" data-id=\"32b5cab\" data-element_type=\"widget\" data-e-type=\"widget\" data-widget_type=\"image.default\">\n\t\t\t\t\t\t\t\t\t\t\t\t\t\t\t\t<a href=\"https:\/\/krakowskaelektrokardiologia.pl\/index.php\/pe\/\">\n\t\t\t\t\t\t\t<img loading=\"lazy\" decoding=\"async\" width=\"800\" height=\"1000\" src=\"https:\/\/krakowskaelektrokardiologia.pl\/wp-content\/uploads\/2026\/02\/PLATFORMA-EDUKACYJNA-819x1024.png\" class=\"elementor-animation-grow attachment-large size-large wp-image-1447\" alt=\"\" srcset=\"https:\/\/krakowskaelektrokardiologia.pl\/wp-content\/uploads\/2026\/02\/PLATFORMA-EDUKACYJNA-819x1024.png 819w, https:\/\/krakowskaelektrokardiologia.pl\/wp-content\/uploads\/2026\/02\/PLATFORMA-EDUKACYJNA-240x300.png 240w, https:\/\/krakowskaelektrokardiologia.pl\/wp-content\/uploads\/2026\/02\/PLATFORMA-EDUKACYJNA-768x960.png 768w, https:\/\/krakowskaelektrokardiologia.pl\/wp-content\/uploads\/2026\/02\/PLATFORMA-EDUKACYJNA.png 1080w\" sizes=\"(max-width: 800px) 100vw, 800px\" \/>\t\t\t\t\t\t\t\t<\/a>\n\t\t\t\t\t\t\t\t\t\t\t\t\t\t\t<\/div>\n\t\t\t\t<div class=\"elementor-element elementor-element-fe8dba5 elementor-widget elementor-widget-spacer\" data-id=\"fe8dba5\" data-element_type=\"widget\" data-e-type=\"widget\" data-widget_type=\"spacer.default\">\n\t\t\t\t\t\t\t<div class=\"elementor-spacer\">\n\t\t\t<div class=\"elementor-spacer-inner\"><\/div>\n\t\t<\/div>\n\t\t\t\t\t\t<\/div>\n\t\t\t\t<\/div>\n\t\t\t\t\t<\/div>\n\t\t\t\t<\/div>\n\t\t<div class=\"elementor-element elementor-element-ee0b9e6 e-flex e-con-boxed e-con e-parent\" data-id=\"ee0b9e6\" data-element_type=\"container\" data-e-type=\"container\" data-settings=\"{&quot;background_background&quot;:&quot;classic&quot;}\">\n\t\t\t\t\t<div class=\"e-con-inner\">\n\t\t\t\t<div class=\"elementor-element elementor-element-30ccecf elementor-widget elementor-widget-spacer\" data-id=\"30ccecf\" data-element_type=\"widget\" data-e-type=\"widget\" data-widget_type=\"spacer.default\">\n\t\t\t\t\t\t\t<div class=\"elementor-spacer\">\n\t\t\t<div class=\"elementor-spacer-inner\"><\/div>\n\t\t<\/div>\n\t\t\t\t\t\t<\/div>\n\t\t<div class=\"elementor-element elementor-element-a3d1458 e-con-full e-flex e-con e-child\" data-id=\"a3d1458\" data-element_type=\"container\" data-e-type=\"container\">\n\t\t\t\t<div class=\"elementor-element elementor-element-b71e133 elementor-widget elementor-widget-text-editor\" data-id=\"b71e133\" data-element_type=\"widget\" data-e-type=\"widget\" data-widget_type=\"text-editor.default\">\n\t\t\t\t\t\t\t\t\t<h6><span style=\"color: #ffffff;\"><strong>Biuro Organizacji Konferencji<\/strong><\/span><\/h6><h6><span style=\"color: #ffffff;\">Firma Iwentarium<\/span><br \/><span style=\"color: #ffffff;\">ul. Romanowicz 17A, 30-702 Krak\u00f3w<\/span><br \/><span style=\"color: #ffffff;\">www.iwentarium.pl<\/span><\/h6><h6>\u00a0<\/h6>\t\t\t\t\t\t\t\t<\/div>\n\t\t\t\t<\/div>\n\t\t<div class=\"elementor-element elementor-element-d4bdb7d e-con-full e-flex e-con e-child\" data-id=\"d4bdb7d\" data-element_type=\"container\" data-e-type=\"container\">\n\t\t\t\t<div class=\"elementor-element elementor-element-0368acb elementor-widget elementor-widget-text-editor\" data-id=\"0368acb\" data-element_type=\"widget\" data-e-type=\"widget\" data-widget_type=\"text-editor.default\">\n\t\t\t\t\t\t\t\t\t<h6><span style=\"color: #ffffff;\">e-mail:<u><a style=\"color: #ffffff;\" href=\"mailto:kontakt@example.com\"> biuro@krakowskaelektrokardiologia.pl<\/a><\/u><\/span><\/h6>\n<h6><span style=\"color: #ffffff;\">Joanna Iwaniec \u2013 <\/span><span style=\"color: #ffffff;\">tel. +48 883 569 500<\/span><\/h6>\n<h6><span style=\"color: #ffffff;\">Ma\u0142gorzata Feliksiak-Nowak \u2013 <\/span><span style=\"color: #ffffff;\">tel. +48 668 446 685<\/span><\/h6>\t\t\t\t\t\t\t\t<\/div>\n\t\t\t\t<\/div>\n\t\t<div class=\"elementor-element elementor-element-2a928bf e-con-full e-flex e-con e-child\" data-id=\"2a928bf\" data-element_type=\"container\" data-e-type=\"container\">\n\t\t\t\t<\/div>\n\t\t\t\t\t<\/div>\n\t\t\t\t<\/div>\n\t\t<div class=\"elementor-element elementor-element-0a673f0 e-flex e-con-boxed e-con e-parent\" data-id=\"0a673f0\" data-element_type=\"container\" data-e-type=\"container\">\n\t\t\t\t\t<div class=\"e-con-inner\">\n\t\t\t\t<div class=\"elementor-element elementor-element-21993a3 elementor-widget elementor-widget-spacer\" data-id=\"21993a3\" data-element_type=\"widget\" data-e-type=\"widget\" data-widget_type=\"spacer.default\">\n\t\t\t\t\t\t\t<div class=\"elementor-spacer\">\n\t\t\t<div class=\"elementor-spacer-inner\"><\/div>\n\t\t<\/div>\n\t\t\t\t\t\t<\/div>\n\t\t\t\t\t<\/div>\n\t\t\t\t<\/div>\n\t\t\t\t<\/div>\n\t\t","protected":false},"excerpt":{"rendered":"<p>Kontakt Platforma Edukacyjna Patroni Sponsorzy Galeria O Konferencji Rada Naukowa Program Konferencji Strona G\u0142\u00f3wna O KONFERENCJI TERMIN KONFERENCJI:30-31 stycznia 2026 r. MIEJSCE KONFERENCJI:Krakowski Szpital Specjalistyczny im. \u015bw. Jana Paw\u0142a IICentrum Konferencyjno-Szkoleniowe, Pawilon A5 (parter)ul. Pr\u0105dnicka 80, 31-202 Krak\u00f3w KONTAKT:e-mail: biuro@krakowskaelektrokardiologia.pl Joanna Iwaniectel: +48 883 569 500 Ma\u0142gorzata Feliksiak-Nowaktel: +48 668 446 685 PUNKTY EDUKACYJNE Za [&hellip;]<\/p>\n","protected":false},"author":1,"featured_media":0,"parent":0,"menu_order":0,"comment_status":"closed","ping_status":"closed","template":"elementor_header_footer","meta":{"footnotes":""},"class_list":["post-89","page","type-page","status-publish","hentry"],"_links":{"self":[{"href":"https:\/\/krakowskaelektrokardiologia.pl\/index.php\/wp-json\/wp\/v2\/pages\/89","targetHints":{"allow":["GET"]}}],"collection":[{"href":"https:\/\/krakowskaelektrokardiologia.pl\/index.php\/wp-json\/wp\/v2\/pages"}],"about":[{"href":"https:\/\/krakowskaelektrokardiologia.pl\/index.php\/wp-json\/wp\/v2\/types\/page"}],"author":[{"embeddable":true,"href":"https:\/\/krakowskaelektrokardiologia.pl\/index.php\/wp-json\/wp\/v2\/users\/1"}],"replies":[{"embeddable":true,"href":"https:\/\/krakowskaelektrokardiologia.pl\/index.php\/wp-json\/wp\/v2\/comments?post=89"}],"version-history":[{"count":151,"href":"https:\/\/krakowskaelektrokardiologia.pl\/index.php\/wp-json\/wp\/v2\/pages\/89\/revisions"}],"predecessor-version":[{"id":1637,"href":"https:\/\/krakowskaelektrokardiologia.pl\/index.php\/wp-json\/wp\/v2\/pages\/89\/revisions\/1637"}],"wp:attachment":[{"href":"https:\/\/krakowskaelektrokardiologia.pl\/index.php\/wp-json\/wp\/v2\/media?parent=89"}],"curies":[{"name":"wp","href":"https:\/\/api.w.org\/{rel}","templated":true}]}}